 prime factors of o.
5
Let a(b) = 4*b - b - 4*b + 0 + 2. Let t be a(0). Suppose -t*g + 0*g + 18 = 0. What are the prime factors of g?
3
Suppose j = 5*s - 10, -3*s + 3*j - 9 = -s. Let t be 11/3 + s/9. List the prime factors of ((-12)/(-10))/(t/10).
3
What are the prime factors of 0 + -2 - -4 - -2?
2
Let s = 30 - -18. List the prime factors of s.
2, 3
Suppose 0 = 2*p - y - 34, -y - 4 = -0*y. List the prime factors of (-80)/(-6)*p/4.
2, 5
Suppose -11*x = -14*x - 9. What are the prime factors of 19*x/(-4 + 1)?
19
Let r(i) = -i**3 - 4*i**2 + 7*i - 8. Let s(j) = j**3 - 10*j**2 - 2*j + 14. Let t be s(10). What are the prime factors of r(t)?
2, 11
Suppose p + 37 = 2*p. Let f = p - 20. Let o = -12 + f. What are the prime factors of o?
5
Suppose 2*i = -0*i + 4. What are the prime factors of (i/(-6))/(4/(-84))?
7
Let q(y) = y**2 - 4. Let s be q(-4). List the prime factors of (3*s)/1 + -4.
2
Let y(k) = 2*k**2 + 6*k + 1. What are the prime factors of y(-6)?
37
Let u be (-2)/((-2)/28*2). What are the prime factors of u - (-2 + 3 + 1)?
2, 3
Let z(x) = -48*x - 8. What are the prime factors of z(-4)?
2, 23
Let s be 2 + 2 + (4 - 6). Let x(t) = t**2. Let b be x(4). Let g = b + s. What are the prime factors of g?
2, 3
Let p be 4 - (0 - (3 + -6)). Let y = 9 + p. What are the prime factors of y?
2, 5
Suppose -3*d - 2*s + 6 = 0, -s - 13 = -4*d - 2*s. Let g(p) = -p + 10. Let i be g(8). Suppose -d = -i*r + 2. What are the prime factors of r?
3
Let f = 7 - 13. Let v(a) = a**3 + 5*a**2 - 6*a - 2. Let j be v(f). Let s = j - -12. List the prime factors of s.
2, 5
Let l(q) = q**3 - 6*q**2 + 4*q - 8. List the prime factors of l(6).
2
Suppose -5*w - 5 = 0, -y + 75 = y + 3*w. Let l(r) = r + 9. Let b be l(-6). Suppose -y = -3*s - b. What are the prime factors of s?
2, 3
What are the prime factors of (-608)/(-20) + 6/(-15)?
2, 3, 5
Let n = -5 - -2. List the prime factors of 16/(-6)*n + -1.
7
Let m(w) = w**2 + 9*w. Suppose -6*s + 3*s - 30 = 0. What are the prime factors of m(s)?
2, 5
Let c be ((-5)/(-1))/((-7)/(-56)). Let p = c + -20. What are the prime factors of p?
2, 5
Let f(w) = w**3 - 3*w**2 - 9*w - 12. List the prime factors of f(6).
2, 3, 7
Let m(k) = 7*k + 2. List the prime factors of m(2).
2
Let f(n) = n + 13. Let v be 14/(-49) + (-33)/7. List the prime factors of f(v).
2
Let z(d) = d**3 - 3*d**2 - 6*d + 5. What are the prime factors of z(6)?
7, 11
Let y(w) = 2*w**2 + 3*w + 1. Let p be (-5 - -11)*(-2)/(-6). Let s(i) = -i - 1. Let l be s(p). List the prime factors of y(l).
2, 5
List the prime factors of (-15)/(-60) + 350/8.
2, 11
Let z(w) = -3*w**3 - 4*w**2 - 2*w. What are the prime factors of z(-2)?
2, 3
Let z(y) = -y**3 + y - 1. Let n(m) = m**3 + 5*m**2 - m + 1. Let h(p) = -n(p) - 2*z(p). List the prime factors of h(6).
31
Let p(j) = 50*j - 3. List the prime factors of p(3).
3, 7
Suppose -5*t + t + 156 = 0. What are the prime factors of t?
3, 13
Let r = 37 + 2. Suppose -3*t + 0*t = -r. What are the prime factors of t?
13
List the prime factors of (-3)/(-2)*148/(-6)*-1.
37
Let f(g) = -10*g - 4*g - 4 - 1. List the prime factors of f(-3).
37
Suppose -8*h = -4*h - 24. List the prime factors of h.
2, 3
Let u = -11 + 29. Let i be (-626)/(-18) + 4/u. Suppose -3*w + i = 2*f - 2*w, -w - 3 = 0. List the prime factors of f.
19
Let f(g) = 2*g**2 - 20*g - 10. What are the prime factors of f(11)?
2, 3
List the prime factors of 20/(-8)*8/(-10).
2
Let i(w) = -w**3 - 5*w**2 - 2. Let b be i(-6). Let t = 0 + b. List the prime factors of t.
2, 17
Let t be ((-2)/(-6))/((-1)/(-15)). List the prime factors of (3 - t) + (30 - 2).
2, 13
Suppose -5*m = -3*q + 138 + 80, 0 = -5*q - 5*m + 310. Suppose -3*u + 99 + q = 0. What are the prime factors of u?
5, 11
Suppose -2*s - 12 = -4. Let f be ((-15)/(-10))/((-2)/s). What are the prime factors of (-1 - (f + -2)) + 14?
2, 3
List the prime factors of 1*(-1)/(-2)*68.
2, 17
Suppose 0 = 4*b - b + 2*v - 163, 0 = -3*b - 3*v + 162. Suppose 4*r = b - 19. What are the prime factors of r?
3
Let h = 12 - 21. What are the prime factors of ((-6)/h)/(6/189)?
3, 7
Let x be (-1716)/18*(-3)/2. Suppose -5*d + 90 = 4*t - t, 0 = 4*t - d - x. What are the prime factors of t?
5, 7
Let u be (-6)/(-8) - 2/(-8). Let o = u - -7. Suppose 2*y + 0*y = o. What are the prime factors of y?
2
Let u(s) = 14*s - 13. What are the prime factors of u(6)?
71
Suppose -24 = -5*i - 4. Suppose -5 = -i*o + u, 3*u + u = 5*o + 2. Suppose -3*h - o*h + 70 = 0. List the prime factors of h.
2, 7
Suppose -3*v - 3*d - 2*d = -115, 4*v - 142 = -d. What are the prime factors of v?
5, 7
Suppose -5*x - 37 = -u, -u - 3*x = -5*x - 28. List the prime factors of u.
2, 11
Let p = 46 - -80. What are the prime factors of p?
2, 3, 7
Let t(g) be the first derivative of g**3/6 + 7*g**2 - 2*g + 3. Let m(l) be the first derivative of t(l). What are the prime factors of m(-8)?
2, 3
Suppose 5*r - 9 = 2*r, 2*s - 21 = -5*r. List the prime factors of s - (-1 + 0 + -3).
7
Let i be -3 + 1 + 3 + 7. Let z(u) = -3*u + 3 + 6*u + 2*u - i. What are the prime factors of z(4)?
3, 5
Let l(n) = -n**3 + 8*n**2 - 5*n - 22. List the prime factors of l(6).
2, 5
Suppose 0*q - 2*q - 2*y = -10, 5*q + y - 29 = 0. What are the prime factors of q?
2, 3
Let y be (-26)/(-91) - 219/7. Let b = 9 - y. What are the prime factors of b?
2, 5
Let k(m) = -m**3 - 6*m**2. Let h be k(-6). Suppose 0 = -3*b + 4*y + 3 + 7, b + 5*y + 3 = h. What are the prime factors of b?
2
Let l = 75 + -33. List the prime factors of l.
2, 3, 7
Let b be 3 + (0 + 6)/(-3). Let o = b - 6. What are the prime factors of (-1)/o - (-88)/10?
3
Suppose -2*g - 2*g - 16 = 0. Let m be 12/(-16) + (-15)/g. Suppose -5*l + 53 = 3*c - 2*c, 4*c - m = -l. What are the prime factors of l?
11
Suppose -2*p - 10 = 16. Let n be (-4 - -3 - 0)*(4 - -5). Let f = n - p. List the prime factors of f.
2
Suppose -8*u + 238 = -u. What are the prime factors of u?
2, 17
Let w(n) = n**3 - 4 + 12*n - 6*n**2 + 1 - 4*n. Let x = -5 + 10. List the prime factors of w(x).
2, 3
Suppose 0 = -4*w + 95 - 31. What are the prime factors of w?
2
Suppose -5*q - 15 = -i, -2*q - 1 - 5 = 2*i. Let r(h) be the second derivative of h**4/12 - h**3/6 + h**2 - 2*h. List the prime factors of r(i).
2
Suppose -2*l - 5 = 5, -l + 365 = 2*x. List the prime factors of x.
5, 37
Suppose -4*q + 9 + 51 = 0. Suppose -4*p = -q - 37. What are the prime factors of p?
13
Suppose 6 = -3*u + 12. Suppose p = -a + 4, -u*a + 0*p = -2*p - 20. What are the prime factors of a?
7
Let u = 34 - 21. What are the prime factors of u?
13
Suppose -4*z + 0*h + h = -528, -2*z + 3*h + 274 = 0. List the prime factors of z.
131
Let b = 106 + -43. What are the prime factors of b?
3, 7
Suppose m = 2*r - 3, -2*r + 6*m = 4*m - 2. Let g be -2*-2*(-1)/(-4). Suppose -r*f = -5 + g. List the prime factors of f.
2
Let p = -7 - -11. Suppose -p*i - 135 = -5*n, 0*n - 94 = -3*n + 5*i. List the prime factors of n.
23
Let y(s) = s**3 + 3*s**2 - 3*s + 2. What are the prime factors of y(3)?
47
Suppose -92 = -4*q - r, 4*r - 81 = -3*q - 12. List the prime factors of q.
23
Suppose -s - 46 = -3*s. List the prime factors of s.
23
Suppose 3*g = 8*g - 45. What are the prime factors of g?
3
Let d = -2 + 12. List the prime factors of 134/d + (-2)/5.
13
List the prime factors of (1*97/(-3))/(1/(-3)).
97
Let d be 2 + 2 + -2 + 4. Suppose 5*c + 0*c - 4*p - d = 0, -3*c - 2*p + 8 = 0. List the prime factors of (2/4)/(c/44).
11
Suppose s + 30 = 2*z, 6*z - 2*z = -3*s + 70. Let q be (-8)/z*(0 + 6). What are the prime factors of (-5 - -23) + (q - 0)?
3, 5
Suppose 0 = 4*p + 3*m - 17 - 407, -m + 4 = 0. Suppose -p + 19 = -3*r. List the prime factors of r.
2, 7
Suppose 5*a - 2*g = -8, 3*a + 3*g = 7 + 5. Suppose -7 = -s - a. What are the prime factors of s?
7
Let x = -62 + 150. What are the prime factors of x?
2, 11
Let a(t) = -t**3 - 12*t**2 - 15*t - 16. Let o = -13 + 2. What are the prime factors of a(o)?
2, 7
Suppose 0 = s - j - 10, s + 5*j = 4 + 6. Let u = s + 9. List the prime factors of u/2 - (-2)/(-4).
3
List the prime factors of (-6)/(-8) - (-447)/12.
2, 19
Let g be 1 + (-1)/1*10. Let n(v) = -4*v - 4. List the prime factors of n(g).
2
Let n(l) = l**2 + 6*l - 8. Suppose -2*i + 61 = -v, 4*i - 23 = v + 96. Suppose 20 = -3*x + 4*y, -3*y + i = -4*x - 0*y. What are the prime factors of n(x)?
2
Let y = -17 -